f (-9 + 15 - -13) + 22 - -17?
58
What is the value of -22 - (19 + 2) - -53 - (58 - 0)?
-48
What is -5442 + 5367 - (-5 + -1 + -1)?
-68
What is -24 - (-19 - 36) - (-10 + -3)?
44
What is (-15 + 8 - -20) + -46 + -4?
-37
Evaluate 57 + (-13 - -24) - 71.
-3
What is the value of (-5 - -89) + -5 + 1607 + -1611?
75
Calculate (-5 - ((32 - 18) + 8)) + (4 + -1 - -2).
-22
What is (0 - (0 - (27 - 0))) + -7046 + 7060?
41
115 - 170 - 54 - -173
64
What is (-35 - -6) + -4 + (1 - 0) + 361 + -357?
-28
Calculate -20 + 44 - 14 - 18 - (9 + 7).
-24
Evaluate (1 - (-5 - 18)) + (5 - -13).
42
What is the value of 0 - 8 - ((13 - 26 - -16 - -10) + -13)?
-8
What is the value of 1 - 11 - 46 - 7?
-63
What is -29 + 75 + -25 + -15 + -39?
-33
What is the value of -40 - (23 + 1 - (-548 + 555))?
-57
1 - (-76 - 2) - (-423 + 444)
58
(15 - (3 + 19 + -1)) + 40
34
What is -36 + 23 + 35 + 14 + 2?
38
-3 + 19 + -29 + 36
23
What is -12 - (-14 + 5 - -6) - (-25 - (-156 + 11))?
-129
(-12 - (31 + 9)) + 46 - (1 + -17)
10
What is the value of -1 + (1 - -11) + -10 + 13 + -6 - 30?
-22
(-16 - 46 - -66) + (2 + -2 - 0) + 31
35
What is the value of (2 + -2 - 0) + -2675 + 2691?
16
What is (14 - -1 - (-535 + 554)) + (12 - 1)?
7
Evaluate 117 - (281 + -263 - (-4 + 34)).
129
What is the value of (204 - 197) + ((19 - 38) + 14 - (-31 + -1))?
34
What is the value of -43 - (171 - (232 - 114))?
-96
What is -5 + -6 + (6 - (3 + 0)) - (75 - 170)?
87
What is the value of -32 - (4 - 6) - (252 + -272)?
-10
Calculate -10 - (1 - 128 - (-150 + 155 + (-20 - -1))).
103
207 + -113 + (6 - (5 - -41))
54
What is 0 + 0 + 0 + -4 + -75 + 81 + 39?
41
1 + (0 - (3 + -11)) + 32 + -4
37
Calculate -15 - -15 - 0 - ((2 - 0) + 5) - -31.
24
Evaluate -1 + -5 + -19 - (-6 + -9 + 4).
-14
-39 + 16 + 54 + -77
-46
What is the value of -42 - (52 + (37 - 121))?
-10
What is the value of -25 + -69 + (-8 - -46) + (18 - 2)?
-40
What is 113 + 50 + -92 - 57?
14
(43 + 33 - 44) + -73
-41
Calculate -5 + (54 - -8 - 2) + -2 + -7.
46
-950 + 956 - (-1 - 9) - -15
31
Calculate 1 - (1242 + -1209 + (-9 - (1 + -7 + 3))).
-26
What is the value of 10 + 15 + -52 + 8 - 13?
-32
Calculate 49 + -56 - -38 - 66.
-35
Calculate 4 - (93 + (-2 - 0) + 8 + (53 - 58)).
-90
What is 12 + (4 - (13 - 8)) + -1 + 0 + 48?
58
What is the value of 753 + -793 - (-65 - -1)?
24
Evaluate 25 + -94 - 15 - -22.
-62
What is the value of 64 - (137 - (56 - 68)) - (0 + -1 + -6)?
-78
What is the value of 1 + (-3 - (21 + -30)) + 10?
17
What is 11 + (6 + (0 - 0) + 2 - (350 + -323))?
-8
What is the value of 7 + (-5 - -21 - 7) + -20 - -36?
32
What is the value of (7 - 1) + 3863 + -3874 - (1 - 105)?
99
Calculate (-14 - -5 - (1 - 15)) + 9.
14
87 - (-81 + 23 + 250)
-105
Evaluate 26 + (-14 - ((-2 - -13) + -14)).
15
What is -6 + -4 + 17 - (-21 + 28 + -19)?
19
Evaluate 5 + 1 + 32 + -2 + 1 + 8 + 3.
48
What is -58 + 32 + 15 + -12 + 11 + -3?
-15
What is (0 + -65 + -32 - 0) + 0 + -9?
-106
-7 - (1 - 2) - (-104 + 54 + 7 + -11)
48
Evaluate 14 - (121 + -101 - -34).
-40
What is the value of -14 + -36 + 36 + 48 + -50?
-16
Evaluate -33 - -20 - ((-38 - -64) + (2 - 16)).
-25
Evaluate (-62 - (-103 + 19 - -41)) + (-1 - -25).
5
(3 - 16) + -1 - (-226 - -245)
-33
-68 - (-51 - ((-13 - 4) + -12))
-46
-28 - (-11 + 22 - -36)
-75
What is 6 + (-25 + -2 - (-40 + 27) - -21)?
13
Calculate 22 - (-16 + 31 - (9 - 19)).
-3
Calculate 23 - 41 - -10 - (4 - (43 + -3)).
28
14 + (-11 - -13 - -57) + (-28 - -9)
54
(1 - 2) + (-8 + -12 - (-37 - -46))
-30
What is the value of (-93 - (15 + -47)) + 6 + -4 + 4?
-55
What is the value of -299 - (179 - 352) - (-26 - -1)?
-101
(2 - -2 - -4) + (-12 - 2) + -2 + -5
-13
Evaluate 79 + (-11 - -5) + -94 + 115.
94
-4 + (4 - -6 - -3) + (-3 + -82 - -20)
-56
What is the value of (37 + (11 - 11) - 58) + 48?
27
Evaluate (12 - (1 + -8 - -6) - 2) + -31.
-20
What is the value of 22 + -9 + 34 - (-1 - 0 - (-1 + 9))?
56
What is the value of 8 + (-9 - 2) - (-4 + 25 - -1)?
-25
What is the value of (-3 - 25 - -13) + -1 + -35?
-51
What is 4 + 4 + -2 + 130 + -133 + -1 - -21?
23
What is 41 - 6 - ((-10 - -13) + (-6 + -7 - -11))?
34
What is -29 - -337 - 93 - 83?
132
Calculate -112 - (-89 + (131 - 90)).
-64
Evaluate 21 + 6 + 1 + (-14 - -14 - 14).
14
What is (-29 - 1) + (-22 + 0 - (-24 - -12))?
-40
Calculate (10 - -8) + -19 + -2 + (15 - 8).
4
What is the value of (-19 - -11) + -8 + (-2 - (13 - 6))?
-25
What is the value of -3 - -41 - 37 - 62?
-61
Evaluate -9 - (5 + (-9 - -1) + (-1 - 1)).
-4
What is 5 - 2 - 0 - -22 - (17 + (-14 - 4))?
26
Evaluate 125 + -97 + (-34 - -65).
59
What is -6 + (-1 - 43) + (-6 - (-11 + -12 - -12))?
-45
What is -10 - (-17 + -37 + 27) - 98?
-81
What is 40 + -13 + (19 - -7) + -19?
34
1 - (-3 + -1 + -6 + 5 + -96 + 45)
57
Calculate (-15 - (-4 + -85 - (2 - 10))) + -7.
59
What is (26 + 18 + 8 - 28) + 26?
50
Calculate (-1 - 27) + 2 + 9 + -5 + -5 + -12.
-39
What is -56 + (-16 - -1) + 3 + (-86 + 11 - -91)?
-52
Evaluate -111 + (-60 - -77) + 212.
118
What is the value of -7 - ((-13 - -5) + 2 + (163 - 119))?
-45
113 + 87 + (33 - 141)
92
What is the value of 80 - (108 + (18 - 13))?
-33
Evaluate -61 - (-109 - -15 - 16).
49
Evaluate -113 + 127 + -175 - -43.
-118
What is (44 - (-7 + 33)) + -47?
-29
(7 - -44) + -28 + -12 + 17
28
Evaluate 4 + 5 + -6 + -11 - -29.
21
Calculate 14 + 1 + (2 - 4) + -102 + (-12 - -41).
-60
What is the value of 2 + -31 + 21 - (7 - (-7 - -21))?
-1
What is -87 - ((44 - (22 + -1)) + -3)?
-107
18 + (0 - -14) + 5 + -10
27
What is -16 - (-18 + 25 + -13 + 3) - -7?
-6
Evaluate -36 - (-2 + -6) - (1 - -21).
-50
What is -11 - ((-11 - 0) + (81 + -47 - 7))?
-27
64 + -42 - (6 - 5 - (3 + -9))
15
Calculate (-28 + 1 - 0) + (41 - (12 + 10)) + -18.
-26
Calculate (-1 - 1 - (-33 + 16 + 24)) + 52.
43
Calculate 91 + -85 + -78 + 136.
64
Evaluate -18 - (17 - (-4 + 4) - (263 - 302)).
-74
What is -284 - -253 - (16 + 22)?
-69
Evaluate -14 + 0 + -4 - (-29 + 16) - (4 + 2).
-11
Evaluate (41 - (158 - 96)) + (-6 - (0 - -1)).
-28
Evaluate (2 - 1) + (0 + -14 - (-274 - -248)).
13
(0 - -2) + 5 + 41 + -44 + -9
-5
What is -116 - -119 - (66 + (0 - 0)) - (-49 + 39)?
-53
What is 30 + (-11 - -33) + 22 + 1?
75
Calculate (59 - (125 + -127)) + 19.
80
Evaluate (-57 - 136 - -53) + 75.
-65
1 - (-18 + 10 + -6) - 41
-26
What is ((-7 - -11 - 13) + 12 - -46) + -3 - 1?
45
-16 + -11 + (-9 - -10) + (-7 - (0 + -14))
-19
What is the value of 0 + -2 + (27 - -8) + -9 - -6?
30
Evaluate 0 + -11 + 14 + (-23 - -27) - (-64 - -1).
70
What is the value of 34 + (-23 - (-2 - 36 - -16))?
33
Calculate 75 + 2 + (-345 - -305).
37
Evaluate (13 - (31 + -11 + -13 + -7)) + -13.
0
Evaluate -3 - (-2 + 30) - (-333 + 316).
-14
(39 + 20 + -29 - 26) + 7 + -1 + 4
14
Evaluate -20 + 2 + (-36 - ((-19 - -1) + -6)).
-30
What is the value of 33 - ((19 - 0) + -24 - -16)?
22
-4 + -2 + 8 - 0 - (-10 + 16)
-4
(-17 - -43 - 18) + 3 - 16
-5
Calculate (2 - (4 - -2)) + 43 + (-38 - -42) + 4.
47
Evaluate -253 + 468 + -182 - (-33 - 1).
67
11 - (11 - (59 + 2 + -38) - (59 + 1))
83
-4 + -45 + -11 + 2 + -14 + 0 + 3
-69
What is 126 + (-4 + 8 + (19 - (6 - -2)) - 12)?
129
Evaluate 3 - (-1 - -59) - (-11 - (8 - (-1 - -24))).
-59
Calculate (41 - (-10 - -13 - 0)) + -2.
36
Evaluate -53541 + 53575 + (-1 + 16 - 0).
49
What is the value of (5 - -39 - 21 - 16) + -93 + 23?
-63
What is the value of -24 - (-7 - 3) - -45?
31
What is 15 + (415 - 403) + (24 - 0)?
51
Calculate -45 + (-290 - -328) + -7 + -20.
-34
What is -11 - -7 - -20 - (-99 + 122)?
-7
What is the value of -3 + 2 + 7 - (-24559 - -24550)?
15
What is 36 + -2 + 44 + -41?
37
-1 + -19 - ((-27 - 5) + 52)
-40
What is the value of (81 + -133 - -49) + 103?
100
15 - (28 + -18 + -16 + 6)
15
Calculate (98 + -74 - -22) + (-9 - -4) + 21.
62
Evaluate (-1 - 25) + -2 - (-17 + (33 - 7) - 19).
-18
What is the value of 1 + 49 + (-168 - (-83 + -113))?
78
Evaluate -454 - -459 - (1 - (6 + -5) - (2 + -18)).
-11
Evaluate -15 - (-11 + 67 + -29 + -33).
-9
What is the value of (-302 + 292 - (2 - 72)) + -30?
30
Calculate -43 - (-33 - (-35 + (-28 - 6))).
-79
What is the value of (-15 - -16 - (25 - 17)) + 90?
83
What is the value of (-38 - -35) + 0 + (-4 - -3) + 22?
18
Evaluate 5 + 13 + (-42 - 18 - 31) + -22.
-95
Calculate -7 - (-12 - -1 - ((-10 - 18) + 14) - 33).
23
What is -61 - (-30 - (-4 + 0))?
-35
What is (16 - (-6 + -20 + 44)) + 42 + 3?
43
-6 + (-4 - -2) + -19 + (177 - 191)
-41
What